ert 434500 (base 6) to base 12.
18a30
What is 119269 (base 11) in base 14?
4c71a
Convert -12214211 (base 5) to base 4.
-130201012
What is -4685ac (base 16) in base 3?
-22200210211120
Convert -130021310210 (base 4) to base 16.
-709d24
What is -100223420 (base 6) in base 14?
-323020
Convert 1a5524 (base 11) to base 4.
1030311323
Convert -132627 (base 10) to base 14.
-36495
-1311324243 (base 6) to base 8
-73006703
25b4184 (base 12) to base 15
9c2c3a
Convert -651406 (base 7) to base 9.
-182481
Convert -87c85 (base 14) to base 4.
-1100110231
What is 15a7d58 (base 14) in base 8?
50417212
21622541 (base 7) to base 5
434340324
What is 110076 (base 9) in base 3?
10100002120
1119a9 (base 11) to base 13
63181
Convert -102133211 (base 5) to base 6.
-13054134
What is 1539a8a (base 13) in base 11?
3918913
-3b0795 (base 16) to base 12
-1366905
2122323002 (base 4) to base 13
192aa6
Convert -33a2519 (base 11) to base 7.
-101360514
What is 5514602 (base 8) in base 4?
11221212002
Convert 1250326 (base 7) to base 5.
20212220
What is 130201123 (base 4) in base 6?
2300511
What is 122202102020 (base 3) in base 13?
c3102
Convert 157484 (base 9) to base 6.
2030421
What is -147343 (base 12) in base 8?
-1240443
Convert -11111000110001010 (base 2) to base 5.
-13033440
Convert -12020020201201 (base 3) to base 12.
-b20b01
What is -548508 (base 10) in base 12?
-225510
What is -12a96 (base 16) in base 13?
-28a3b
c1b330 (base 14) to base 15
88cb98
-13404012021 (base 5) to base 4
-1001303221012
-650616 (base 7) to base 16
-1ba02
-2000220200 (base 3) to base 15
-bcdc
Convert 74a85 (base 11) to base 4.
122220322
b9383 (base 14) to base 15
8cb00
32350 (base 9) to base 5
1141204
2305588 (base 10) to base 8
10627064
What is -5243111 (base 7) in base 4?
-2122123211
Convert 110201001200 (base 3) to base 15.
4e17c
-146946 (base 13) to base 8
-1721112
What is 1101100000000111110 (base 2) in base 11?
28244a
-101101110001010000 (base 2) to base 16
-2dc50
Convert -1226654 (base 9) to base 10.
-667570
Convert -11122020211121 (base 3) to base 14.
-482651
-203001022121 (base 4) to base 5
-4322223201
Convert 21051312 (base 7) to base 2.
110110001111001010111
33c4b8 (base 15) to base 10
2471573
Convert -5372a (base 11) to base 6.
-1401245
What is -1b3b6 (base 16) in base 10?
-111542
What is -44a5633 (base 11) in base 8?
-36046763
-f8de0 (base 16) to base 10
-1019360
What is -333933 (base 13) in base 12?
-4a2ab0
24c14 (base 16) to base 9
248455
What is 803165 (base 9) in base 4?
1303321133
310102121 (base 5) to base 12
50542b
Convert 30003411 (base 7) to base 10.
2471862
What is 10011111010111010010100 (base 2) in base 13?
110ab81
1122213212 (base 4) to base 5
43334144
Convert -4099b (base 14) to base 2.
-100101111110101101
Convert 111200021 (base 4) to base 5.
10304243
-329895 (base 15) to base 13
-665948
What is 2a771a (base 13) in base 2?
11111111000100101101
What is -440250442 (base 6) in base 3?
-112210100110022
-41942 (base 10) to base 16
-a3d6
What is 225542 (base 9) in base 3?
20212121102
What is 23400623 (base 8) in base 12?
1866557
73b289 (base 15) to base 11
3120161
Convert 789697 (base 14) to base 2.
1111101000100000110101
Convert -40224022 (base 5) to base 15.
-64e77
-2212533 (base 6) to base 11
-76271
What is -101101000100001101111000 (base 2) in base 16?
-b44378
What is 375a3 (base 16) in base 12?
ab257
Convert 62121404 (base 7) to base 9.
10703252
What is 2db5c2 (base 14) in base 16?
1882f6
What is 114186 (base 13) in base 9?
682836
What is 72c8 (base 15) in base 8?
57307
100011101010110001000 (base 2) to base 13
31bcab
What is -23132205 (base 6) in base 5?
-140241023
What is 82313 (base 12) in base 14?
45c3d
Convert 152143 (base 6) to base 11.
100a0
Convert 4e8dba (base 15) to base 6.
212535034
What is -11120120011100 (base 3) in base 14?
-474469
What is -1059a67 (base 11) in base 7?
-21535664
Convert 21022102021 (base 3) to base 13.
50677
-30313311 (base 4) to base 10
-52725
What is 3076 (base 15) in base 7?
41562
1218346 (base 9) to base 16
a1ac9
Convert 102867 (base 15) to base 11.
485032
-1221542 (base 8) to base 15
-69b93
-5520515 (base 8) to base 16
-16a14d
What is 40010343 (base 5) in base 16?
4c787
Convert 74435 (base 14) to base 10.
280719
1f3d4d (base 16) to base 11
11791a0
12010100102001 (base 3) to base 5
1144114423
Convert 200222021010 (base 4) to base 16.
82a244
What is 13010311302 (base 4) in base 16?
1c4d72
What is 1200120011102 (base 3) in base 2?
11011010111100010101
What is 20344b (base 12) in base 8?
1727273
-13630445 (base 9) to base 4
-121300112102
What is -63355 (base 7) in base 9?
-23377
Convert 13044435 (base 6) to base 14.
b1411
What is -19344a5 (base 12) in base 11?
-2a97483
2c808 (base 16) to base 4
230200020
Convert -1d9989 (base 16) to base 15.
-284b84
Convert -511063 (base 11) to base 2.
-11001000100000110000
146654 (base 7) to base 14
a6d4
What is -2310325 (base 7) in base 15?
-5a641
Convert 1053790 (base 13) to base 16.
4bf361
Convert -14b078 (base 13) to base 8.
-1743553
-201211000120 (base 3) to base 11
-247043
-2151559 (base 10) to base 2
-1000001101010010000111
Convert -bbd908 (base 14) to base 5.
-3113013314
445613 (base 9) to base 12
10a333
12220213304 (base 5) to base 3
1000111121100102
-69ca45 (base 13) to base 8
-11454026
What is -6592074 (base 11) in base 8?
-54103755
What is -60133 (base 11) in base 4?
-111133003
-12021112201 (base 3) to base 6
-2121031
What is 4311013 (base 6) in base 12?
a2469
What is -7877590 (base 11) in base 3?
-221222012120101
-114142320 (base 5) to base 11
-337683
-1150515 (base 9) to base 3
-1011200120112
Convert -1166c7 (base 15) to base 16.
-cb12b
Convert b45b7 (base 15) to base 14.
10c49a
What is 71300 (base 8) in base 5?
1420001
What is -3a2a9 (base 13) in base 8?
-323142
112662 (base 9) to base 13
24a0a
What is 215861 (base 10) in base 2?
110100101100110101
Convert -110100111010111110 (base 2) to base 10.
-216766
What is 389375 (base 14) in base 11?
110a221
Convert -53241 (base 8) to base 15.
-6887
What is 40622301 (base 7) in base 3?
20101202211000
What is 8035108 (base 9) in base 10?
4274945
-1523966 (base 11) to base 4
-21331200310
What is -45094 (base 12) in base 4?
-112120300
Convert -250081 (base 16) to base 14.
-471a37
What is -198406 (base 16) in base 5?
-412002243
Convert -3688635 (base 9) to base 14.
-3a3819
-138382 (base 10) to base 14
-38606
-1371653 (base 8) to base 13
-108707
-5a56b (base 16) to base 14
-98bc7
-335d6b (base 14) to base 10
-1745083
Convert ae6ecb (base 15) to base 6.
454242415
What is 30400034 (base 6) in base 2?
11010100101000010110
What is 262320036 (base 7) in base 9?
34476286
Convert -400923 (base 12) to base 10.
-996651
-156351 (base 8) to base 16
-dce9
Convert 32111031320 (base 4) to base 16.
395378
Convert -20000210012202 (base 3) to base 7.
-36143300
-8bcd1 (base 16) to base 11
-361249
Convert 168708 (base 9) to base 3.
12022210022
Convert 173215 (base 8) to base 5.
4004432
-10232231120 (base 4) to base 7
-13352600
What is -21411043 (base 5) in base 16?
-2d33c
Convert 3245163 (base 8) to base 4.
3110221303
201565 (base 9) to base 6
2320135
Convert -872161 (base 14) to base 6.
-242035025
Convert -2334441 (base 5) to base 11.
-2a441
-500bab (base 13) to base 12
-757601
What is -4070c (base 14) in base 13?
-5575a
Convert -4c692 (base 15) to base 3.
-110102101002
-37c2b4 (base 13) to base 11
-836288
Convert -93219 (base 15) to base 12.
-1a5980
What is -33422156 (base 8) in base 11?
-4090229
119847 (base 10) to base 16
1d427
What is 18055 (base 14) in base 13?
21686
What is 1141350 (base 6) in base 4?
32221002
What is 1132344332 (base 5) in base 7?
31166566
-857873 (base 9) to base 2
-1111100110000100110
-142133423 (base 5) to base 9
-1346810
358c (base 14) to base 11
7018
-20886353 (base 9) to base 7
-151544616
Convert 233405 (base 8) to base 9.
131187
Convert 13301002 (base 5) to base 14.
37034
Convert -1b573 (base 13) to base 4.
-31012203
What is 28380a (base 11) in base 2?
1101100011100101001
Convert -3166102 (base 10) to base 7.
-35624422
311332213 (base 4) to base 8
657647
What is -22001210112001 (base 3) in base 13?
-b71336
Convert 10101010101101010011 (base 2) to base 8.
2525523
What is -55366 (base 13) in base 5?
-14420011
-1d91f (base 16) to base 5
-12333434